{"id":748,"date":"2016-09-07T12:58:39","date_gmt":"2016-09-07T10:58:39","guid":{"rendered":"http:\/\/mendaur.educacion.navarra.es\/web\/es\/?page_id=748"},"modified":"2020-11-06T14:30:33","modified_gmt":"2020-11-06T13:30:33","slug":"arte-mural-historia-y-tecnicas","status":"publish","type":"page","link":"https:\/\/mendaur.educacion.navarra.es\/web\/es\/arte-mural-historia-y-tecnicas\/","title":{"rendered":"Arte mural: historia y t\u00e9cnicas"},"content":{"rendered":"<p class=\"western\" align=\"justify\"><span style=\"font-size: small;\"><span style=\"font-size: medium;\">En esta asignatura trabajaremos la expresi\u00f3n a trav\u00e9s de la imagen, instruyendo a los\/as alumnos\/as para trabajar con dibujos, pinturas e incluso en tres dimensiones utilizando diferentes t\u00e9cnicas. Adem\u00e1s, conoceremos los estilos y obras de arte de \u00e9pocas diferentes consiguiendo as\u00ed un conocimiento m\u00e1s amplio de la historia y la cultura art\u00edsticas.<\/span><\/span><\/p>\n<p class=\"western\" align=\"justify\"><span style=\"font-size: medium;\">Otro objetivo importante ser\u00e1 trabajar la creatividad de los\/las alumnos\/as y que aprendan a valorarla. El objetivo ser\u00e1 que aprendan a ofrecer una respuesta ante un trabajo, problema, o situaci\u00f3n concreta, no aprender la \u201crespuesta correcta\u201d.<\/span><\/p>\n<p class=\"western\" align=\"left\"><span style=\"font-size: medium;\">Otro aspecto importante ser\u00e1 la representaci\u00f3n de la realidad. Trabajando la perspectiva adquirir\u00e1n recursos para expresar su entorno de forma correcta. Los\/las alumnos\/as comenzar\u00e1n a utilizar la perspectiva c\u00f3nica para pintar y dibujar lo que ven con sus propios ojos.<\/span><\/p>\n<p class=\"western\" align=\"left\"><span style=\"font-size: medium;\">Se le ayudar\u00e1 al \/la alumno\/a a aprender nuevos caminos para expresar sus ideas. Para ello, se utilizar\u00e1n diferentes t\u00e9cnicas, materiales y herramientas. Adem\u00e1s se fomentar\u00e1 la reutilizaci\u00f3n y el reciclaje, respetando as\u00ed el medio ambiente y potenciando la idea del consumo responsable.<\/span><\/p>\n<p align=\"left\"><a href=\"https:\/\/docs.google.com\/document\/d\/117fdcv_8LjRKJA64_61f1Kn_m0iMyu9YzLqauNw5MVw\/edit?usp=sharing\" target=\"_blank\" rel=\"noopener noreferrer\">RESUMEN DE LA PROGRAMACI\u00d3N<\/a><\/p>\n\n\n<p><\/p>\n<!-- AddThis Advanced Settings generic via filter on the_content --><!-- AddThis Share Buttons generic via filter on the_content -->","protected":false},"excerpt":{"rendered":"<p>En esta asignatura trabajaremos la expresi\u00f3n a trav\u00e9s de la imagen, instruyendo a los\/as alumnos\/as para trabajar con dibujos, pinturas e incluso en tres dimensiones utilizando diferentes t\u00e9cnicas. Adem\u00e1s, conoceremos los estilos y obras de arte de \u00e9pocas diferentes consiguiendo as\u00ed un conocimiento m\u00e1s amplio de la historia y la cultura art\u00edsticas. Otro objetivo importante [&hellip;]<!-- AddThis Advanced Settings generic via filter on get_the_excerpt --><!-- AddThis Share Buttons generic via filter on get_the_excerpt --><\/p>\n","protected":false},"author":1,"featured_media":0,"parent":0,"menu_order":0,"comment_status":"closed","ping_status":"closed","template":"","meta":{"_genesis_hide_title":false,"_genesis_hide_breadcrumbs":false,"_genesis_hide_singular_image":false,"_genesis_hide_footer_widgets":false,"_genesis_custom_body_class":"","_genesis_custom_post_class":"","_genesis_layout":""},"_links":{"self":[{"href":"https:\/\/mendaur.educacion.navarra.es\/web\/es\/wp-json\/wp\/v2\/pages\/748"}],"collection":[{"href":"https:\/\/mendaur.educacion.navarra.es\/web\/es\/wp-json\/wp\/v2\/pages"}],"about":[{"href":"https:\/\/mendaur.educacion.navarra.es\/web\/es\/wp-json\/wp\/v2\/types\/page"}],"author":[{"embeddable":true,"href":"https:\/\/mendaur.educacion.navarra.es\/web\/es\/wp-json\/wp\/v2\/users\/1"}],"replies":[{"embeddable":true,"href":"https:\/\/mendaur.educacion.navarra.es\/web\/es\/wp-json\/wp\/v2\/comments?post=748"}],"version-history":[{"count":3,"href":"https:\/\/mendaur.educacion.navarra.es\/web\/es\/wp-json\/wp\/v2\/pages\/748\/revisions"}],"predecessor-version":[{"id":3840,"href":"https:\/\/mendaur.educacion.navarra.es\/web\/es\/wp-json\/wp\/v2\/pages\/748\/revisions\/3840"}],"wp:attachment":[{"href":"https:\/\/mendaur.educacion.navarra.es\/web\/es\/wp-json\/wp\/v2\/media?parent=748"}],"curies":[{"name":"wp","href":"https:\/\/api.w.org\/{rel}","templated":true}]}}

Arte mural: historia y técnicas

<p class="western" align="justify"><span style="font-size: small;"><span style="font-size: medium;">En esta asignatura trabajaremos la expresión a través de la imagen, instruyendo a los/as alumnos/as para trabajar con dibujos, pinturas e incluso en tres dimensiones utilizando diferentes técnicas. Además, conoceremos los estilos y obras de arte de épocas diferentes consiguiendo así un conocimiento más amplio de la historia y la cultura artísticas.</span></span></p>
<p class="western" align="justify"><span style="font-size: medium;">Otro objetivo importante será trabajar la creatividad de los/las alumnos/as y que aprendan a valorarla. El objetivo será que aprendan a ofrecer una respuesta ante un trabajo, problema, o situación concreta, no aprender la “respuesta correcta”.</span></p>
<p class="western" align="left"><span style="font-size: medium;">Otro aspecto importante será la representación de la realidad. Trabajando la perspectiva adquirirán recursos para expresar su entorno de forma correcta. Los/las alumnos/as comenzarán a utilizar la perspectiva cónica para pintar y dibujar lo que ven con sus propios ojos.</span></p>
<p class="western" align="left"><span style="font-size: medium;">Se le ayudará al /la alumno/a a aprender nuevos caminos para expresar sus ideas. Para ello, se utilizarán diferentes técnicas, materiales y herramientas. Además se fomentará la reutilización y el reciclaje, respetando así el medio ambiente y potenciando la idea del consumo responsable.</span></p>
<p align="left"><a href="https://docs.google.com/document/d/117fdcv_8LjRKJA64_61f1Kn_m0iMyu9YzLqauNw5MVw/edit?usp=sharing" target="_blank" rel="noopener noreferrer">RESUMEN DE LA PROGRAMACIÓN</a></p>


<p></p>
<!-- AddThis Advanced Settings generic via filter on the_content --><!-- AddThis Share Buttons generic via filter on the_content -->

<p>En esta asignatura trabajaremos la expresión a través de la imagen, instruyendo a los/as alumnos/as para trabajar con dibujos, pinturas e incluso en tres dimensiones utilizando diferentes técnicas. Además, conoceremos los estilos y obras de arte de épocas diferentes consiguiendo así un conocimiento más amplio de la historia y la cultura artísticas. Otro objetivo importante [&hellip;]<!-- AddThis Advanced Settings generic via filter on get_the_excerpt --><!-- AddThis Share Buttons generic via filter on get_the_excerpt --></p>
