{"id":815,"date":"2016-09-08T10:12:44","date_gmt":"2016-09-08T08:12:44","guid":{"rendered":"http:\/\/mendaur.educacion.navarra.es\/web\/es\/?page_id=815"},"modified":"2020-12-09T13:59:19","modified_gmt":"2020-12-09T12:59:19","slug":"ciencias-aplicadas-a-la-actividad-profesional","status":"publish","type":"page","link":"https:\/\/mendaur.educacion.navarra.es\/web\/es\/ciencias-aplicadas-a-la-actividad-profesional\/","title":{"rendered":"Ciencias aplicadas a la actividad profesional"},"content":{"rendered":"\n<p>El conocimiento cient\u00edfico est\u00e1 estructurado en diferentes disciplinas. En esta asignatura se pretende conocer y aplicar diferentes m\u00e9todos con el objetivo de identificar diferentes \u00e1mbitos de conocimiento y experiencia. Se profundizar\u00e1 en lo aprendido en cursos anteriores en las asignaturas de Qu\u00edmica, Biolog\u00eda y Geolog\u00eda. Esta asignatura est\u00e1 estructurada en tres bloques:<\/p>\n\n\n\n<ol type=\"1\"><li>Laboratorio: organizaci\u00f3n del trabajo y el material del laboratorio, y realizaci\u00f3n de ensayos.<\/li><li>La ciencia y el entorno: tipos, origen, influencias nocivas y tratamientos de los contaminantes.<\/li><li>Trabajo de investigaci\u00f3n: realizaci\u00f3n de un proyecto de investigaci\u00f3n.\u00a0<\/li><\/ol>\n\n\n\n<p><strong>DOCUMENTO RESUMEN DE LA PROGRAMACI\u00d3N DID\u00c1CTICA<\/strong><\/p>\n\n\n\n<p><a rel=\"noreferrer noopener\" href=\"https:\/\/docs.google.com\/document\/d\/1vr_cnwbnBHO1TJ6fsaHLLZ2S_pDQ8P0TFre1aCAbgs8\/edit?usp=sharing\" target=\"_blank\">4.\u00ba ESO<\/a><\/p>\n<!-- AddThis Advanced Settings generic via filter on the_content --><!-- AddThis Share Buttons generic via filter on the_content -->","protected":false},"excerpt":{"rendered":"<p>El conocimiento cient\u00edfico est\u00e1 estructurado en diferentes disciplinas. En esta asignatura se pretende conocer y aplicar diferentes m\u00e9todos con el objetivo de identificar diferentes \u00e1mbitos de conocimiento y experiencia. Se profundizar\u00e1 en lo aprendido en cursos anteriores en las asignaturas de Qu\u00edmica, Biolog\u00eda y Geolog\u00eda. Esta asignatura est\u00e1 estructurada en tres bloques: Laboratorio: organizaci\u00f3n del [&hellip;]<!-- AddThis Advanced Settings generic via filter on get_the_excerpt --><!-- AddThis Share Buttons generic via filter on get_the_excerpt --><\/p>\n","protected":false},"author":1,"featured_media":0,"parent":0,"menu_order":0,"comment_status":"closed","ping_status":"closed","template":"","meta":{"_genesis_hide_title":false,"_genesis_hide_breadcrumbs":false,"_genesis_hide_singular_image":false,"_genesis_hide_footer_widgets":false,"_genesis_custom_body_class":"","_genesis_custom_post_class":"","_genesis_layout":""},"_links":{"self":[{"href":"https:\/\/mendaur.educacion.navarra.es\/web\/es\/wp-json\/wp\/v2\/pages\/815"}],"collection":[{"href":"https:\/\/mendaur.educacion.navarra.es\/web\/es\/wp-json\/wp\/v2\/pages"}],"about":[{"href":"https:\/\/mendaur.educacion.navarra.es\/web\/es\/wp-json\/wp\/v2\/types\/page"}],"author":[{"embeddable":true,"href":"https:\/\/mendaur.educacion.navarra.es\/web\/es\/wp-json\/wp\/v2\/users\/1"}],"replies":[{"embeddable":true,"href":"https:\/\/mendaur.educacion.navarra.es\/web\/es\/wp-json\/wp\/v2\/comments?post=815"}],"version-history":[{"count":3,"href":"https:\/\/mendaur.educacion.navarra.es\/web\/es\/wp-json\/wp\/v2\/pages\/815\/revisions"}],"predecessor-version":[{"id":3871,"href":"https:\/\/mendaur.educacion.navarra.es\/web\/es\/wp-json\/wp\/v2\/pages\/815\/revisions\/3871"}],"wp:attachment":[{"href":"https:\/\/mendaur.educacion.navarra.es\/web\/es\/wp-json\/wp\/v2\/media?parent=815"}],"curies":[{"name":"wp","href":"https:\/\/api.w.org\/{rel}","templated":true}]}}

<p>El conocimiento científico está estructurado en diferentes disciplinas. En esta asignatura se pretende conocer y aplicar diferentes métodos con el objetivo de identificar diferentes ámbitos de conocimiento y experiencia. Se profundizará en lo aprendido en cursos anteriores en las asignaturas de Química, Biología y Geología. Esta asignatura está estructurada en tres bloques:</p>



<ol type="1"><li>Laboratorio: organización del trabajo y el material del laboratorio, y realización de ensayos.</li><li>La ciencia y el entorno: tipos, origen, influencias nocivas y tratamientos de los contaminantes.</li><li>Trabajo de investigación: realización de un proyecto de investigación. </li></ol>



<p><strong>DOCUMENTO RESUMEN DE LA PROGRAMACIÓN DIDÁCTICA</strong></p>



<p><a rel="noreferrer noopener" href="https://docs.google.com/document/d/1vr_cnwbnBHO1TJ6fsaHLLZ2S_pDQ8P0TFre1aCAbgs8/edit?usp=sharing" target="_blank">4.º ESO</a></p>
<!-- AddThis Advanced Settings generic via filter on the_content --><!-- AddThis Share Buttons generic via filter on the_content -->

<p>El conocimiento científico está estructurado en diferentes disciplinas. En esta asignatura se pretende conocer y aplicar diferentes métodos con el objetivo de identificar diferentes ámbitos de conocimiento y experiencia. Se profundizará en lo aprendido en cursos anteriores en las asignaturas de Química, Biología y Geología. Esta asignatura está estructurada en tres bloques: Laboratorio: organización del [&hellip;]<!-- AddThis Advanced Settings generic via filter on get_the_excerpt --><!-- AddThis Share Buttons generic via filter on get_the_excerpt --></p>
