{"id":817,"date":"2016-09-08T10:20:27","date_gmt":"2016-09-08T08:20:27","guid":{"rendered":"http:\/\/mendaur.educacion.navarra.es\/web\/es\/?page_id=817"},"modified":"2020-11-06T14:38:03","modified_gmt":"2020-11-06T13:38:03","slug":"trabajando-los-medios-de-comunicacion","status":"publish","type":"page","link":"https:\/\/mendaur.educacion.navarra.es\/web\/es\/trabajando-los-medios-de-comunicacion\/","title":{"rendered":"Taller ling\u00fc\u00edstico"},"content":{"rendered":"<p align=\"left\">\u00a0Esta asignatura est\u00e1 especialmente dirigida al alumnado que necesita afianzar el conocimiento y el uso de la lengua, haciendo especial hincapi\u00e9 en la comprensi\u00f3n lectora de textos expositivos (sin abandonar la comprensi\u00f3n de textos literarios); por cuanto que dotar al alumnado de estrategias de lectura comprensiva es capacitarle para que pueda desarrollar mediante la lengua la facultad de aprender de los textos que utiliza habitualmente en otras asignaturas.<\/p>\n<p align=\"left\">As\u00ed, se trabajar\u00e1 la forma de extraer las ideas principales de un texto y su estructura, c\u00f3mo construir res\u00famenes, realizar esquemas y dise\u00f1ar mapas conceptuales, entre otras cosas.<\/p>\n<p align=\"left\"><a href=\"https:\/\/docs.google.com\/document\/d\/1eSjGdWeNXVQ5bXgTVkbALxrLW7eJubZxrCIyLO_61yI\/edit?usp=sharing\" target=\"_blank\" rel=\"noopener noreferrer\">RESUMEN DE LA PROGRAMACI\u00d3N<\/a><\/p>\n<!-- AddThis Advanced Settings generic via filter on the_content --><!-- AddThis Share Buttons generic via filter on the_content -->","protected":false},"excerpt":{"rendered":"<p>\u00a0Esta asignatura est\u00e1 especialmente dirigida al alumnado que necesita afianzar el conocimiento y el uso de la lengua, haciendo especial hincapi\u00e9 en la comprensi\u00f3n lectora de textos expositivos (sin abandonar la comprensi\u00f3n de textos literarios); por cuanto que dotar al alumnado de estrategias de lectura comprensiva es capacitarle para que pueda desarrollar mediante la lengua [&hellip;]<!-- AddThis Advanced Settings generic via filter on get_the_excerpt --><!-- AddThis Share Buttons generic via filter on get_the_excerpt --><\/p>\n","protected":false},"author":1,"featured_media":0,"parent":0,"menu_order":0,"comment_status":"closed","ping_status":"closed","template":"","meta":{"_genesis_hide_title":false,"_genesis_hide_breadcrumbs":false,"_genesis_hide_singular_image":false,"_genesis_hide_footer_widgets":false,"_genesis_custom_body_class":"","_genesis_custom_post_class":"","_genesis_layout":""},"_links":{"self":[{"href":"https:\/\/mendaur.educacion.navarra.es\/web\/es\/wp-json\/wp\/v2\/pages\/817"}],"collection":[{"href":"https:\/\/mendaur.educacion.navarra.es\/web\/es\/wp-json\/wp\/v2\/pages"}],"about":[{"href":"https:\/\/mendaur.educacion.navarra.es\/web\/es\/wp-json\/wp\/v2\/types\/page"}],"author":[{"embeddable":true,"href":"https:\/\/mendaur.educacion.navarra.es\/web\/es\/wp-json\/wp\/v2\/users\/1"}],"replies":[{"embeddable":true,"href":"https:\/\/mendaur.educacion.navarra.es\/web\/es\/wp-json\/wp\/v2\/comments?post=817"}],"version-history":[{"count":3,"href":"https:\/\/mendaur.educacion.navarra.es\/web\/es\/wp-json\/wp\/v2\/pages\/817\/revisions"}],"predecessor-version":[{"id":3841,"href":"https:\/\/mendaur.educacion.navarra.es\/web\/es\/wp-json\/wp\/v2\/pages\/817\/revisions\/3841"}],"wp:attachment":[{"href":"https:\/\/mendaur.educacion.navarra.es\/web\/es\/wp-json\/wp\/v2\/media?parent=817"}],"curies":[{"name":"wp","href":"https:\/\/api.w.org\/{rel}","templated":true}]}}

Taller lingüístico

<p align="left"> Esta asignatura está especialmente dirigida al alumnado que necesita afianzar el conocimiento y el uso de la lengua, haciendo especial hincapié en la comprensión lectora de textos expositivos (sin abandonar la comprensión de textos literarios); por cuanto que dotar al alumnado de estrategias de lectura comprensiva es capacitarle para que pueda desarrollar mediante la lengua la facultad de aprender de los textos que utiliza habitualmente en otras asignaturas.</p>
<p align="left">Así, se trabajará la forma de extraer las ideas principales de un texto y su estructura, cómo construir resúmenes, realizar esquemas y diseñar mapas conceptuales, entre otras cosas.</p>
<p align="left"><a href="https://docs.google.com/document/d/1eSjGdWeNXVQ5bXgTVkbALxrLW7eJubZxrCIyLO_61yI/edit?usp=sharing" target="_blank" rel="noopener noreferrer">RESUMEN DE LA PROGRAMACIÓN</a></p>
<!-- AddThis Advanced Settings generic via filter on the_content --><!-- AddThis Share Buttons generic via filter on the_content -->

<p> Esta asignatura está especialmente dirigida al alumnado que necesita afianzar el conocimiento y el uso de la lengua, haciendo especial hincapié en la comprensión lectora de textos expositivos (sin abandonar la comprensión de textos literarios); por cuanto que dotar al alumnado de estrategias de lectura comprensiva es capacitarle para que pueda desarrollar mediante la lengua [&hellip;]<!-- AddThis Advanced Settings generic via filter on get_the_excerpt --><!-- AddThis Share Buttons generic via filter on get_the_excerpt --></p>
